.
-6
Let b(a) = -a**3 + 2*a**2 + 5*a - 6. Calculate b(4).
-18
Let z(a) = -a**2 + 8*a + 2. Determine z(8).
2
Let a(v) = -v**2 - 13*v + 41. Calculate a(-13).
41
Let m(s) = -s**2 - 8*s + 5. Give m(-9).
-4
Let k(j) = j**2 - 19*j + 35. Determine k(15).
-25
Let z(d) = -2*d**2 - 14*d - 23. What is z(-8)?
-39
Let x(b) = -2*b**2 - 4*b + 10. Give x(-5).
-20
Let z(r) = 9*r - 11. Calculate z(4).
25
Let i(l) = -5*l + 38. What is i(9)?
-7
Let w(s) = 2*s**2 - 25*s - 10. What is w(13)?
3
Let r(y) = -y**3 - 2*y**2 + 2*y - 1. Determine r(3).
-40
Let g(i) = 4*i**2 - 4*i. Give g(3).
24
Let l(b) = b**3 - 4*b**2 - 6*b + 6. Give l(6).
42
Let t(c) = -2*c**2. What is t(-2)?
-8
Let a(v) = 23*v**2 + 2*v + 1. Determine a(-1).
22
Let h(m) = m**3 - 5*m**2 - 4*m - 10. Calculate h(6).
2
Let y(v) = -3*v - 10. Determine y(-7).
11
Let b(q) = -4*q**3 - q - 2. Determine b(-2).
32
Let b(o) = o**3 + 7*o**2 - 8*o + 7. Calculate b(-8).
7
Let u(a) = a**2 - a + 3. What is u(6)?
33
Let k(p) = -p**3 - 63*p**2 - 235*p + 63. Give k(-59).
4
Let i(x) = x**3 - 5*x**2 - 4*x + 5. Calculate i(6).
17
Let a(y) = -y**3 - 5*y**2 - 24. What is a(-6)?
12
Let y(i) = -2*i**3 + i**2 + 3*i - 2. Determine y(2).
-8
Let j(u) = 3*u - 1. Determine j(1).
2
Let l(v) = -v**3 - 4*v**2 + 12*v - 4. What is l(-6)?
-4
Let v(a) = 20*a - 140. Give v(8).
20
Let y(m) = 10*m - 18. Give y(1).
-8
Let h(n) = -n**2 + 119*n - 356. What is h(3)?
-8
Let i(b) = -15*b - 18. Determine i(-4).
42
Let w(d) = -6*d + 30. Calculate w(5).
0
Let d(m) = 13*m + 99. Give d(-8).
-5
Let k(q) = -q**3 - 9*q**2 + 10*q. Determine k(-10).
0
Let v(y) = -2*y**3 + 6*y**2 - 6*y + 4. Give v(3).
-14
Let m(j) = -20*j - 29. Calculate m(-5).
71
Let t(w) = 3*w**2 + 51*w - 39. Calculate t(-18).
15
Let u(t) = -t**2 + 29*t + 59. Determine u(31).
-3
Let j(n) = -n**2 + 12*n - 30. What is j(9)?
-3
Let m(c) = 24*c - 11. Give m(-1).
-35
Let r(v) = v**2 + 8*v - 57. Give r(-12).
-9
Let h(x) = -x**2 + 12*x + 6. What is h(14)?
-22
Let y(d) = d**2 + 15*d + 9. What is y(-13)?
-17
Let g(k) = -14*k - 4. What is g(-5)?
66
Let r(c) = -4*c + 4. Determine r(2).
-4
Let c(i) = -45*i**2 + 5*i - 5. Calculate c(1).
-45
Let s(i) = -i**3 - 7*i**2 - 6*i - 6. Determine s(-6).
-6
Let c(u) = 2*u**2 - 19*u + 15. Give c(9).
6
Let t(l) = 6*l**2. Give t(1).
6
Let a(q) = -q**3 + 6*q**2 - 5*q + 4. Give a(4).
16
Let r(m) = -m**3 + 8*m**2 - 12*m + 9. Calculate r(6).
9
Let d(m) = -m**2 + 11*m + 2. Determine d(11).
2
Let a(u) = 4*u + 76. Determine a(-15).
16
Let x(l) = l**2 - 11*l + 4. Determine x(6).
-26
Let r(y) = -y**3 + 6*y**2 + 4. What is r(5)?
29
Let u(v) = 37*v**2 + 78*v + 5. Give u(-2).
-3
Let p(a) = 102*a + 61. Calculate p(-1).
-41
Let u(y) = -y**3 - 14*y**2 + 2*y - 2. Determine u(-14).
-30
Let f(l) = -27*l + 29. What is f(4)?
-79
Let h(d) = 8*d + 63. Calculate h(-7).
7
Let y(o) = o**3 + 8*o**2 + 6*o - 7. Determine y(-7).
0
Let n(d) = -d**2 - 21*d - 60. Calculate n(-18).
-6
Let q(z) = -z**2 - 10*z - 2. Calculate q(-1).
7
Let t(m) = 4*m**2 + 70*m - 35. Give t(-18).
1
Let p(o) = -o - 22. Calculate p(12).
-34
Let a(m) = 8*m + 65. Calculate a(0).
65
Let i(a) = -a - 14. Calculate i(4).
-18
Let g(k) = 10*k + 29. What is g(-7)?
-41
Let b(k) = -k**3 + 15*k**2 + 31*k + 39. Determine b(17).
-12
Let y(m) = -4*m - 1. What is y(-2)?
7
Let p(g) = 4*g - 23. Calculate p(9).
13
Let z(l) = -l**3 + 52*l**2 - 2*l + 99. Give z(52).
-5
Let f(j) = j**3 + 11*j**2 + 18*j + 16. Give f(-9).
16
Let k(b) = b**3 + 5*b**2 + 2*b. Give k(-4).
8
Let w(c) = c**2 + 2*c - 8. Determine w(-3).
-5
Let w(f) = 3*f**3 - 2*f**2 - 3*f - 1. Give w(-1).
-3
Let q(g) = g**3 + 17*g**2 + 74*g + 16. Determine q(-8).
0
Let r(x) = -2*x**2 - 33*x - 2. What is r(-16)?
14
Let r(j) = 44*j - 26. Determine r(4).
150
Let g(b) = 10*b - 3. Give g(1).
7
Let g(n) = 6*n - 51. Determine g(12).
21
Let x(t) = -t**3 + 18*t**2 - 16*t - 22. Give x(17).
-5
Let z(y) = y**2 + 21*y + 36. Calculate z(-8).
-68
Let i(l) = l**2 + 7*l - 2. What is i(-4)?
-14
Let m(x) = -x - 4. What is m(3)?
-7
Let g(j) = -8*j + 50. Determine g(14).
-62
Let o(q) = 31*q + 1. Determine o(-1).
-30
Let x(i) = -i**2 - 6*i + 17. Determine x(-6).
17
Let u(d) = -d**2 - 10*d - 1. Calculate u(-9).
8
Let i(u) = 2*u**2 - 12*u - 38. Determine i(8).
-6
Let j(y) = -y**3 - y**2 + 10*y - 10. Calculate j(1).
-2
Let i(g) = -40*g - 76. What is i(-2)?
4
Let w(p) = -5*p + 12. Calculate w(4).
-8
Let g(q) = -q**3 + 8*q**2 - 8*q + 5. Calculate g(6).
29
Let a(m) = -14*m + 41. Give a(4).
-15
Let n(q) = 6*q + 76. What is n(-14)?
-8
Let q(u) = u**2 - 5*u - 9. Determine q(5).
-9
Let s(m) = -2*m - 21. Determine s(-14).
7
Let p(j) = -j**3 + 19*j**2 - 20*j + 9. Give p(18).
-27
Let o(b) = b**2 - 8*b + 13. What is o(6)?
1
Let z(x) = -3*x - 135. Give z(0).
-135
Let x(c) = 20*c**2 + 97*c - 12. Determine x(-5).
3
Let q(t) = t + 59. Determine q(4).
63
Let j(p) = p**2 - 18*p - 44. Give j(20).
-4
Let t(u) = 2*u - 3. Determine t(13).
23
Let y(q) = -19*q - 10. Give y(-3).
47
Let a(x) = -6*x + 15. Give a(-5).
45
Let c(o) = -52*o + 3. Calculate c(-1).
55
Let r(p) = 2*p**2 + 9*p - 6. Calculate r(-7).
29
Let x(c) = -15*c - 59. Determine x(-5).
16
Let m(h) = -h**3 + 5*h**2 + 8*h - 4. Give m(6).
8
Let x(w) = -w**3 + 5*w**2 + 10*w + 3. Calculate x(7).
-25
Let q(d) = 6*d**2 - 3. Calculate q(2).
21
Let p(f) = -5*f + 12. Determine p(0).
12
Let a(h) = h**3 + 8*h**2 - 20*h + 15. Determine a(-11).
-128
Let u(t) = -t**2 - 9*t + 5. Calculate u(-9).
5
Let l(z) = z**3 + 25*z**2 + 23*z - 21. Calculate l(-24).
3
Let h(a) = -a**2 + 13*a + 12. What is h(14)?
-2
Let r(j) = -j - 31. Calculate r(-26).
-5
Let d(v) = 3*v**3 - 6*v**2 + v - 8. Calculate d(3).
22
Let k(m) = m**3 - 6*m**2 + 6*m + 7. Determine k(5).
12
Let d(v) = -v**3 - 8*v**2 + 7*v + 8. Give d(-8).
-48
Let c(a) = 3*a - 13. Calculate c(12).
23
Let p(w) = -w**3 - 9*w**2 - 3*w - 7. What is p(-9)?
20
Let y(q) = q**3 + q**2 - 11. Give y(3).
25
Let l(r) = 3*r - 8. What is l(7)?
13
Let w(s) = -2*s + 9. Determine w(0).
9
Let v(w) = 2*w - 3. Determine v(-9).
-21
Let i(u) = -u**3 - 3*u**2 - 5*u - 23. Determine i(0).
-23
Let n(g) = -10*g**3 - 6*g**2 - 4*g + 1. Give n(-2).
65
Let s(y) = y**2 + 14*y + 4. Determine s(-10).
-36
Let g(z) = -3*z**2 - 4*z + 5. What is g(1)?
-2
Let k(h) = -h**3 - 8*h**2 - 9*h + 6. Determine k(-6).
-12
Let r(d) = -44*d**2 + 396*d - 6. Give r(9).
-6
Let d(n) = -n**2 + n + 92. What is d(0)?
92
Let r(l) = l**2 + l - 28. Give r(-7).
14
Let c(b) = -7*b - 8. Determine c(2).
-22
Let h(b) = -b**2 + 2*b + 48. Give h(8).
0
Let t(n) = n + 4. What is t(0)?
4
Let g(v) = 2*v - 4. What is g(-9)?
-22
Let n(b) = -b - 1. What is n(-5)?
4
Let p(f) = 10*f - 244. What is p(22)?
-24
Let v(k) = -k**3 - 7*k**2 + k - 3. What is v(-7)?
-10
Let t(n) = n**2 + 2*n - 4. What is t(4)?
20
Let d(c) = -c**2 - 20*c + 81. Give d(-25).
-44
Let x(c) = -4*c**2 + 3. Give x(2).
-13
Let j(g) = 6*g**3 + 1. What is j(1)?
7
Let s(d) = -14*d + 48. What is s(9)?
-78
Let x(d) = -d**3 - 2*d - 1. Give x(-1).
2
Let l(p) = -p**3 + 2*p**2 - 5*p + 4. Determine l(2).
-6
Let g(a) = 37*a**3 + a + 1. Determine g(-1).
-37
Let x(r) = r + 54. What is x(-10)?
44
Let c(w) = 35*w**2 + w - 1. Determine c(1).
35
Let m(o) = -o**2 - 49*o - 144. Calculate m(-46).
-6
Let u(j) = 4*j**3 - 41*j**2 + 10*j - 6. Give u(10).
-6
Let z(x) = 3*x**2 + 138*x + 143. What is z(-45)?
8
Let o(v) = -2*v**3 - v**2 - v + 2. Calculate o(2).
-20
Let h(k) = -3*k**2 + 11*k + 9. Determine h(-1).
-5
Let s(g) = -g**3 + 9*g**2 - g - 1. What is s(9)?
-10
Let o(r) = 29*r**3 - 2*r**2 + 1. Calculate o(1).
28
Let o(u) = -3*u + 4. Calculate o(-2).
10
Let o(f) = -f**3 + 6*f**2 - f - 6. What is o(5)?
14
Let x(v) = v**2 + 28*v - 28. Determine x(1).
1
Let t(o) = o**3 - 8*o**2 - 5*o - 12. Give t(9).
24
Let j(h) = 2*h + 31. Determine j(-8).
15
Let j(o) = -o**2 + 24*o - 43. Calculate j(22).
1
Let l(t) = -27*t + 55. Calculate l(6).
-107
Let l(o) = -6*o**2 + 3*o + 2. What is l(3)?
-43
Let l(y) = 7*y**2 + y - 2. Determine l(1).
6
Let q(w) = w**2 + 21*w + 85. What is q(-6)?
-5
Let x(z) = -4*z + 5. What is x(-2)?
13
Let n(t) = -t**3 + 14*t**2 - 13*t - 11. Calculate n(13).
-11
Let s(t) = -t**2 + 4*t + 14. Determine s(5).
9
Let n(a) = -a**2 + 9*a - 7. Determine n(11).
-29
Let y(x) = -x**3 - 15*x**2 + 17*x + 23. Calculate y(-16).
7
Let g(w) = -w**3 - 2*w**2 + 7*w + 4. What is g(0)?
4
Let j